{"id":97,"date":"2016-09-23T09:41:01","date_gmt":"2016-09-23T09:41:01","guid":{"rendered":"http:\/\/knoeppel.ch\/?page_id=97"},"modified":"2019-11-19T13:23:56","modified_gmt":"2019-11-19T13:23:56","slug":"infos","status":"publish","type":"page","link":"https:\/\/knoeppel.ch\/?page_id=97","title":{"rendered":"Infos"},"content":{"rendered":"<p><strong>Kontakt:<\/strong><\/p>\n<p>Wir spielen ca. 1 Konzert pro Monat, d.h. da f\u00e4llt sehr vieles Weg, wer&#8217;s trotzdem versuchen m\u00f6chte, darf sich gerne bei Joni melden:<\/p>\n<p><span class=\"gD\">Jonathan Winkler<\/span> &#8211; <strong>knoeppelbuero (at) gmail.com<\/strong><span class=\"go\">\u00a0(<span style=\"color: #ff0000;\"><strong>Achtung: <\/strong>die alte Adresse <strong>(at) cgkmusic.ch<\/strong> ist nicht mehr in Betrieb, der zwischenzeitliche Versuch\u00a0<strong>jonathan (at) knoeppel.ch<\/strong> genau so wenig, weil wir das selber auch nicht hingekriegt haben&#8230;.<\/span>)<br \/>\n<\/span><\/p>\n<p>Joni ist auch unser Promo-Beauftragter, und auch sonst eigentlich alles.<\/p>\n<p>&nbsp;<\/p>\n<p><strong>Videobotschaften und Auftritte an Hochzeiten oder so:<\/strong><\/p>\n<p>W\u00fcrden wir an sich gerne machen, aber mit Kn\u00f6ppel machen wir so wenig, dass wir das, was wir \u00fcberhaupt machen, entweder \u00f6ffentlich oder f\u00fcr unsere eigenen Kumpels machen. Und weil ich nicht gut einfach &#8222;Nein&#8220; sagen kann, nehm ich mir immer vor, ich tu dann ganz ausf\u00fchrlich antworten, wieso das jetzt genau nicht geht, und das verschlampe ich dann meistens. Also bitte nicht b\u00f6se sein, wenn keine Antwort kommt.<\/p>\n<p>&nbsp;<\/p>\n<p><strong>Social:<\/strong><\/p>\n<p>Alle sozialen Medien werden von Joni bedient, das ist Letztich die Kl\u00f6ppel-Seite auf Facebook, Midi hat seinen privaten Facebook-Account (&#8222;Demetrius Haemorrhoidis&#8220;) aufgegeben, seither geht es ihm besser.<\/p>\n<p>&nbsp;<\/p>\n<p><strong>Presse-Material:<\/strong><\/p>\n<ul>\n<li><a href=\"http:\/\/knoeppel.ch\/WordPress\/wp-content\/uploads\/2019\/08\/Faszination-Glied-Pressetext.pdf\">Offizieller Pressetext zum Album &#8222;Faszination Glied&#8220;<\/a><\/li>\n<li><a href=\"http:\/\/knoeppel.ch\/WordPress\/wp-content\/uploads\/2016\/09\/Kn\u00f6ppel-Presseinfo-2016.pdf\">Offizielle Kn\u00f6ppel Presseinfo 2016 (PDF)<\/a><\/li>\n<li>Presse-Photos<\/li>\n<\/ul>\n<p><a href=\"http:\/\/knoeppel.ch\/WordPress\/wp-content\/uploads\/2019\/08\/Kn\u00f6ppel-2019-quer.jpg\"><img loading=\"lazy\" decoding=\"async\" class=\"size-large wp-image-432\" src=\"http:\/\/knoeppel.ch\/WordPress\/wp-content\/uploads\/2019\/08\/Kn\u00f6ppel-2019-quer-1024x726.jpg\" alt=\"\" width=\"662\" height=\"469\" srcset=\"https:\/\/knoeppel.ch\/WordPress\/wp-content\/uploads\/2019\/08\/Kn\u00f6ppel-2019-quer-1024x726.jpg 1024w, https:\/\/knoeppel.ch\/WordPress\/wp-content\/uploads\/2019\/08\/Kn\u00f6ppel-2019-quer-300x213.jpg 300w, https:\/\/knoeppel.ch\/WordPress\/wp-content\/uploads\/2019\/08\/Kn\u00f6ppel-2019-quer-768x545.jpg 768w, https:\/\/knoeppel.ch\/WordPress\/wp-content\/uploads\/2019\/08\/Kn\u00f6ppel-2019-quer-1216x863.jpg 1216w, https:\/\/knoeppel.ch\/WordPress\/wp-content\/uploads\/2019\/08\/Kn\u00f6ppel-2019-quer-352x250.jpg 352w\" sizes=\"(max-width: 662px) 100vw, 662px\" \/><\/a><\/p>\n<p>&nbsp;<\/p>\n<p><a href=\"http:\/\/knoeppel.ch\/WordPress\/wp-content\/uploads\/2019\/08\/Kn\u00f6ppel-2019-hoch.jpg\"><img loading=\"lazy\" decoding=\"async\" class=\"size-large wp-image-433\" src=\"http:\/\/knoeppel.ch\/WordPress\/wp-content\/uploads\/2019\/08\/Kn\u00f6ppel-2019-hoch-747x1024.jpg\" alt=\"\" width=\"662\" height=\"907\" srcset=\"https:\/\/knoeppel.ch\/WordPress\/wp-content\/uploads\/2019\/08\/Kn\u00f6ppel-2019-hoch-747x1024.jpg 747w, https:\/\/knoeppel.ch\/WordPress\/wp-content\/uploads\/2019\/08\/Kn\u00f6ppel-2019-hoch-219x300.jpg 219w, https:\/\/knoeppel.ch\/WordPress\/wp-content\/uploads\/2019\/08\/Kn\u00f6ppel-2019-hoch-768x1053.jpg 768w, https:\/\/knoeppel.ch\/WordPress\/wp-content\/uploads\/2019\/08\/Kn\u00f6ppel-2019-hoch-1024x1403.jpg 1024w, https:\/\/knoeppel.ch\/WordPress\/wp-content\/uploads\/2019\/08\/Kn\u00f6ppel-2019-hoch-1216x1666.jpg 1216w, https:\/\/knoeppel.ch\/WordPress\/wp-content\/uploads\/2019\/08\/Kn\u00f6ppel-2019-hoch-182x250.jpg 182w\" sizes=\"(max-width: 662px) 100vw, 662px\" \/><\/a><\/p>\n<ul>\n<li>Fr\u00fchere Presse-Photos<\/li>\n<\/ul>\n<p><a href=\"http:\/\/knoeppel.ch\/WordPress\/wp-content\/uploads\/2016\/09\/Kn\u00f6ppel_Pressebild1_2016.jpg\"><img loading=\"lazy\" decoding=\"async\" class=\"alignnone size-large wp-image-99\" src=\"http:\/\/knoeppel.ch\/WordPress\/wp-content\/uploads\/2016\/09\/Kn\u00f6ppel_Pressebild1_2016-1024x768.jpg\" alt=\"Kn\u00f6ppel_Pressebild1_2016\" width=\"662\" height=\"497\" srcset=\"https:\/\/knoeppel.ch\/WordPress\/wp-content\/uploads\/2016\/09\/Kn\u00f6ppel_Pressebild1_2016-1024x768.jpg 1024w, https:\/\/knoeppel.ch\/WordPress\/wp-content\/uploads\/2016\/09\/Kn\u00f6ppel_Pressebild1_2016-300x225.jpg 300w, https:\/\/knoeppel.ch\/WordPress\/wp-content\/uploads\/2016\/09\/Kn\u00f6ppel_Pressebild1_2016-768x576.jpg 768w, https:\/\/knoeppel.ch\/WordPress\/wp-content\/uploads\/2016\/09\/Kn\u00f6ppel_Pressebild1_2016-480x360.jpg 480w, https:\/\/knoeppel.ch\/WordPress\/wp-content\/uploads\/2016\/09\/Kn\u00f6ppel_Pressebild1_2016-1216x912.jpg 1216w, https:\/\/knoeppel.ch\/WordPress\/wp-content\/uploads\/2016\/09\/Kn\u00f6ppel_Pressebild1_2016-333x250.jpg 333w\" sizes=\"(max-width: 662px) 100vw, 662px\" \/><\/a> <a href=\"http:\/\/knoeppel.ch\/WordPress\/wp-content\/uploads\/2016\/09\/Kn\u00f6ppel_Pressebild2_2016.jpg\"><img loading=\"lazy\" decoding=\"async\" class=\"alignnone size-large wp-image-100\" src=\"http:\/\/knoeppel.ch\/WordPress\/wp-content\/uploads\/2016\/09\/Kn\u00f6ppel_Pressebild2_2016-1024x768.jpg\" alt=\"Kn\u00f6ppel_Pressebild2_2016\" width=\"662\" height=\"497\" srcset=\"https:\/\/knoeppel.ch\/WordPress\/wp-content\/uploads\/2016\/09\/Kn\u00f6ppel_Pressebild2_2016-1024x768.jpg 1024w, https:\/\/knoeppel.ch\/WordPress\/wp-content\/uploads\/2016\/09\/Kn\u00f6ppel_Pressebild2_2016-300x225.jpg 300w, https:\/\/knoeppel.ch\/WordPress\/wp-content\/uploads\/2016\/09\/Kn\u00f6ppel_Pressebild2_2016-768x576.jpg 768w, https:\/\/knoeppel.ch\/WordPress\/wp-content\/uploads\/2016\/09\/Kn\u00f6ppel_Pressebild2_2016-480x360.jpg 480w, https:\/\/knoeppel.ch\/WordPress\/wp-content\/uploads\/2016\/09\/Kn\u00f6ppel_Pressebild2_2016-1216x912.jpg 1216w, https:\/\/knoeppel.ch\/WordPress\/wp-content\/uploads\/2016\/09\/Kn\u00f6ppel_Pressebild2_2016-333x250.jpg 333w\" sizes=\"(max-width: 662px) 100vw, 662px\" \/><\/a><\/p>\n<ul>\n<li>Album-Covers<\/li>\n<\/ul>\n<p><a href=\"http:\/\/knoeppel.ch\/WordPress\/wp-content\/uploads\/2019\/08\/Faszination-Glied-Cover-3000x3000.jpg\"><img loading=\"lazy\" decoding=\"async\" class=\"alignnone size-large wp-image-431\" src=\"http:\/\/knoeppel.ch\/WordPress\/wp-content\/uploads\/2019\/08\/Faszination-Glied-Cover-3000x3000-1024x1024.jpg\" alt=\"\" width=\"662\" height=\"662\" srcset=\"https:\/\/knoeppel.ch\/WordPress\/wp-content\/uploads\/2019\/08\/Faszination-Glied-Cover-3000x3000-1024x1024.jpg 1024w, https:\/\/knoeppel.ch\/WordPress\/wp-content\/uploads\/2019\/08\/Faszination-Glied-Cover-3000x3000-150x150.jpg 150w, https:\/\/knoeppel.ch\/WordPress\/wp-content\/uploads\/2019\/08\/Faszination-Glied-Cover-3000x3000-300x300.jpg 300w, https:\/\/knoeppel.ch\/WordPress\/wp-content\/uploads\/2019\/08\/Faszination-Glied-Cover-3000x3000-768x768.jpg 768w, https:\/\/knoeppel.ch\/WordPress\/wp-content\/uploads\/2019\/08\/Faszination-Glied-Cover-3000x3000-480x480.jpg 480w, https:\/\/knoeppel.ch\/WordPress\/wp-content\/uploads\/2019\/08\/Faszination-Glied-Cover-3000x3000-1216x1216.jpg 1216w, https:\/\/knoeppel.ch\/WordPress\/wp-content\/uploads\/2019\/08\/Faszination-Glied-Cover-3000x3000-250x250.jpg 250w, https:\/\/knoeppel.ch\/WordPress\/wp-content\/uploads\/2019\/08\/Faszination-Glied-Cover-3000x3000-50x50.jpg 50w\" sizes=\"(max-width: 662px) 100vw, 662px\" \/><\/a><\/p>\n<p><a href=\"http:\/\/knoeppel.ch\/WordPress\/wp-content\/uploads\/2016\/09\/Kn\u00f6ppel-Hey-Wichsers-Cover.jpg\"><img loading=\"lazy\" decoding=\"async\" class=\"alignnone size-large wp-image-101\" src=\"http:\/\/knoeppel.ch\/WordPress\/wp-content\/uploads\/2016\/09\/Kn\u00f6ppel-Hey-Wichsers-Cover-1024x1024.jpg\" alt=\"Kn\u00f6ppel Hey Wichsers Cover\" width=\"662\" height=\"662\" srcset=\"https:\/\/knoeppel.ch\/WordPress\/wp-content\/uploads\/2016\/09\/Kn\u00f6ppel-Hey-Wichsers-Cover-1024x1024.jpg 1024w, https:\/\/knoeppel.ch\/WordPress\/wp-content\/uploads\/2016\/09\/Kn\u00f6ppel-Hey-Wichsers-Cover-150x150.jpg 150w, https:\/\/knoeppel.ch\/WordPress\/wp-content\/uploads\/2016\/09\/Kn\u00f6ppel-Hey-Wichsers-Cover-300x300.jpg 300w, https:\/\/knoeppel.ch\/WordPress\/wp-content\/uploads\/2016\/09\/Kn\u00f6ppel-Hey-Wichsers-Cover-768x768.jpg 768w, https:\/\/knoeppel.ch\/WordPress\/wp-content\/uploads\/2016\/09\/Kn\u00f6ppel-Hey-Wichsers-Cover-480x480.jpg 480w, https:\/\/knoeppel.ch\/WordPress\/wp-content\/uploads\/2016\/09\/Kn\u00f6ppel-Hey-Wichsers-Cover-1216x1216.jpg 1216w, https:\/\/knoeppel.ch\/WordPress\/wp-content\/uploads\/2016\/09\/Kn\u00f6ppel-Hey-Wichsers-Cover-250x250.jpg 250w, https:\/\/knoeppel.ch\/WordPress\/wp-content\/uploads\/2016\/09\/Kn\u00f6ppel-Hey-Wichsers-Cover.jpg 1774w\" sizes=\"(max-width: 662px) 100vw, 662px\" \/><\/a><\/p>\n","protected":false},"excerpt":{"rendered":"<p>Kontakt: Wir spielen ca. 1 Konzert pro Monat, d.h. da f\u00e4llt sehr vieles Weg, wer&#8217;s trotzdem versuchen m\u00f6chte, darf sich gerne bei Joni melden: Jonathan Winkler &#8211; knoeppelbuero (at) gmail.com\u00a0(Achtung: die alte Adresse (at) cgkmusic.ch ist nicht mehr in Betrieb, der zwischenzeitliche Versuch\u00a0jonathan (at) knoeppel.ch genau so wenig, weil wir das selber auch nicht hingekriegt&hellip;<a href=\"https:\/\/knoeppel.ch\/?page_id=97\" class=\"button\">Weiterlesen <span class=\"screen-reader-text\">Infos<\/span><\/a><\/p>\n","protected":false},"author":1,"featured_media":0,"parent":0,"menu_order":0,"comment_status":"closed","ping_status":"closed","template":"","meta":{"jetpack_post_was_ever_published":false,"footnotes":""},"jetpack_sharing_enabled":true,"jetpack_shortlink":"https:\/\/wp.me\/P8nSDI-1z","_links":{"self":[{"href":"https:\/\/knoeppel.ch\/index.php?rest_route=\/wp\/v2\/pages\/97"}],"collection":[{"href":"https:\/\/knoeppel.ch\/index.php?rest_route=\/wp\/v2\/pages"}],"about":[{"href":"https:\/\/knoeppel.ch\/index.php?rest_route=\/wp\/v2\/types\/page"}],"author":[{"embeddable":true,"href":"https:\/\/knoeppel.ch\/index.php?rest_route=\/wp\/v2\/users\/1"}],"replies":[{"embeddable":true,"href":"https:\/\/knoeppel.ch\/index.php?rest_route=%2Fwp%2Fv2%2Fcomments&post=97"}],"version-history":[{"count":9,"href":"https:\/\/knoeppel.ch\/index.php?rest_route=\/wp\/v2\/pages\/97\/revisions"}],"predecessor-version":[{"id":473,"href":"https:\/\/knoeppel.ch\/index.php?rest_route=\/wp\/v2\/pages\/97\/revisions\/473"}],"wp:attachment":[{"href":"https:\/\/knoeppel.ch\/index.php?rest_route=%2Fwp%2Fv2%2Fmedia&parent=97"}],"curies":[{"name":"wp","href":"https:\/\/api.w.org\/{rel}","templated":true}]}}

<p><strong>Kontakt:</strong></p>
<p>Wir spielen ca. 1 Konzert pro Monat, d.h. da fällt sehr vieles Weg, wer&#8217;s trotzdem versuchen möchte, darf sich gerne bei Joni melden:</p>
<p><span class="gD">Jonathan Winkler</span> &#8211; <strong>knoeppelbuero (at) gmail.com</strong><span class="go"> (<span style="color: #ff0000;"><strong>Achtung: </strong>die alte Adresse <strong>(at) cgkmusic.ch</strong> ist nicht mehr in Betrieb, der zwischenzeitliche Versuch <strong>jonathan (at) knoeppel.ch</strong> genau so wenig, weil wir das selber auch nicht hingekriegt haben&#8230;.</span>)<br />
</span></p>
<p>Joni ist auch unser Promo-Beauftragter, und auch sonst eigentlich alles.</p>
<p>&nbsp;</p>
<p><strong>Videobotschaften und Auftritte an Hochzeiten oder so:</strong></p>
<p>Würden wir an sich gerne machen, aber mit Knöppel machen wir so wenig, dass wir das, was wir überhaupt machen, entweder öffentlich oder für unsere eigenen Kumpels machen. Und weil ich nicht gut einfach &#8222;Nein&#8220; sagen kann, nehm ich mir immer vor, ich tu dann ganz ausführlich antworten, wieso das jetzt genau nicht geht, und das verschlampe ich dann meistens. Also bitte nicht böse sein, wenn keine Antwort kommt.</p>
<p>&nbsp;</p>
<p><strong>Social:</strong></p>
<p>Alle sozialen Medien werden von Joni bedient, das ist Letztich die Klöppel-Seite auf Facebook, Midi hat seinen privaten Facebook-Account (&#8222;Demetrius Haemorrhoidis&#8220;) aufgegeben, seither geht es ihm besser.</p>
<p>&nbsp;</p>
<p><strong>Presse-Material:</strong></p>
<ul>
<li><a href="http://knoeppel.ch/WordPress/wp-content/uploads/2019/08/Faszination-Glied-Pressetext.pdf">Offizieller Pressetext zum Album &#8222;Faszination Glied&#8220;</a></li>
<li><a href="http://knoeppel.ch/WordPress/wp-content/uploads/2016/09/Knöppel-Presseinfo-2016.pdf">Offizielle Knöppel Presseinfo 2016 (PDF)</a></li>
<li>Presse-Photos</li>
</ul>
<p><a href="http://knoeppel.ch/WordPress/wp-content/uploads/2019/08/Knöppel-2019-quer.jpg"><img loading="lazy" decoding="async" class="size-large wp-image-432" src="http://knoeppel.ch/WordPress/wp-content/uploads/2019/08/Knöppel-2019-quer-1024x726.jpg" alt="" width="662" height="469" srcset="https://knoeppel.ch/WordPress/wp-content/uploads/2019/08/Knöppel-2019-quer-1024x726.jpg 1024w, https://knoeppel.ch/WordPress/wp-content/uploads/2019/08/Knöppel-2019-quer-300x213.jpg 300w, https://knoeppel.ch/WordPress/wp-content/uploads/2019/08/Knöppel-2019-quer-768x545.jpg 768w, https://knoeppel.ch/WordPress/wp-content/uploads/2019/08/Knöppel-2019-quer-1216x863.jpg 1216w, https://knoeppel.ch/WordPress/wp-content/uploads/2019/08/Knöppel-2019-quer-352x250.jpg 352w" sizes="(max-width: 662px) 100vw, 662px" /></a></p>
<p>&nbsp;</p>
<p><a href="http://knoeppel.ch/WordPress/wp-content/uploads/2019/08/Knöppel-2019-hoch.jpg"><img loading="lazy" decoding="async" class="size-large wp-image-433" src="http://knoeppel.ch/WordPress/wp-content/uploads/2019/08/Knöppel-2019-hoch-747x1024.jpg" alt="" width="662" height="907" srcset="https://knoeppel.ch/WordPress/wp-content/uploads/2019/08/Knöppel-2019-hoch-747x1024.jpg 747w, https://knoeppel.ch/WordPress/wp-content/uploads/2019/08/Knöppel-2019-hoch-219x300.jpg 219w, https://knoeppel.ch/WordPress/wp-content/uploads/2019/08/Knöppel-2019-hoch-768x1053.jpg 768w, https://knoeppel.ch/WordPress/wp-content/uploads/2019/08/Knöppel-2019-hoch-1024x1403.jpg 1024w, https://knoeppel.ch/WordPress/wp-content/uploads/2019/08/Knöppel-2019-hoch-1216x1666.jpg 1216w, https://knoeppel.ch/WordPress/wp-content/uploads/2019/08/Knöppel-2019-hoch-182x250.jpg 182w" sizes="(max-width: 662px) 100vw, 662px" /></a></p>
<ul>
<li>Frühere Presse-Photos</li>
</ul>
<p><a href="http://knoeppel.ch/WordPress/wp-content/uploads/2016/09/Knöppel_Pressebild1_2016.jpg"><img loading="lazy" decoding="async" class="alignnone size-large wp-image-99" src="http://knoeppel.ch/WordPress/wp-content/uploads/2016/09/Knöppel_Pressebild1_2016-1024x768.jpg" alt="Knöppel_Pressebild1_2016" width="662" height="497" srcset="https://knoeppel.ch/WordPress/wp-content/uploads/2016/09/Knöppel_Pressebild1_2016-1024x768.jpg 1024w, https://knoeppel.ch/WordPress/wp-content/uploads/2016/09/Knöppel_Pressebild1_2016-300x225.jpg 300w, https://knoeppel.ch/WordPress/wp-content/uploads/2016/09/Knöppel_Pressebild1_2016-768x576.jpg 768w, https://knoeppel.ch/WordPress/wp-content/uploads/2016/09/Knöppel_Pressebild1_2016-480x360.jpg 480w, https://knoeppel.ch/WordPress/wp-content/uploads/2016/09/Knöppel_Pressebild1_2016-1216x912.jpg 1216w, https://knoeppel.ch/WordPress/wp-content/uploads/2016/09/Knöppel_Pressebild1_2016-333x250.jpg 333w" sizes="(max-width: 662px) 100vw, 662px" /></a> <a href="http://knoeppel.ch/WordPress/wp-content/uploads/2016/09/Knöppel_Pressebild2_2016.jpg"><img loading="lazy" decoding="async" class="alignnone size-large wp-image-100" src="http://knoeppel.ch/WordPress/wp-content/uploads/2016/09/Knöppel_Pressebild2_2016-1024x768.jpg" alt="Knöppel_Pressebild2_2016" width="662" height="497" srcset="https://knoeppel.ch/WordPress/wp-content/uploads/2016/09/Knöppel_Pressebild2_2016-1024x768.jpg 1024w, https://knoeppel.ch/WordPress/wp-content/uploads/2016/09/Knöppel_Pressebild2_2016-300x225.jpg 300w, https://knoeppel.ch/WordPress/wp-content/uploads/2016/09/Knöppel_Pressebild2_2016-768x576.jpg 768w, https://knoeppel.ch/WordPress/wp-content/uploads/2016/09/Knöppel_Pressebild2_2016-480x360.jpg 480w, https://knoeppel.ch/WordPress/wp-content/uploads/2016/09/Knöppel_Pressebild2_2016-1216x912.jpg 1216w, https://knoeppel.ch/WordPress/wp-content/uploads/2016/09/Knöppel_Pressebild2_2016-333x250.jpg 333w" sizes="(max-width: 662px) 100vw, 662px" /></a></p>
<ul>
<li>Album-Covers</li>
</ul>
<p><a href="http://knoeppel.ch/WordPress/wp-content/uploads/2019/08/Faszination-Glied-Cover-3000x3000.jpg"><img loading="lazy" decoding="async" class="alignnone size-large wp-image-431" src="http://knoeppel.ch/WordPress/wp-content/uploads/2019/08/Faszination-Glied-Cover-3000x3000-1024x1024.jpg" alt="" width="662" height="662" srcset="https://knoeppel.ch/WordPress/wp-content/uploads/2019/08/Faszination-Glied-Cover-3000x3000-1024x1024.jpg 1024w, https://knoeppel.ch/WordPress/wp-content/uploads/2019/08/Faszination-Glied-Cover-3000x3000-150x150.jpg 150w, https://knoeppel.ch/WordPress/wp-content/uploads/2019/08/Faszination-Glied-Cover-3000x3000-300x300.jpg 300w, https://knoeppel.ch/WordPress/wp-content/uploads/2019/08/Faszination-Glied-Cover-3000x3000-768x768.jpg 768w, https://knoeppel.ch/WordPress/wp-content/uploads/2019/08/Faszination-Glied-Cover-3000x3000-480x480.jpg 480w, https://knoeppel.ch/WordPress/wp-content/uploads/2019/08/Faszination-Glied-Cover-3000x3000-1216x1216.jpg 1216w, https://knoeppel.ch/WordPress/wp-content/uploads/2019/08/Faszination-Glied-Cover-3000x3000-250x250.jpg 250w, https://knoeppel.ch/WordPress/wp-content/uploads/2019/08/Faszination-Glied-Cover-3000x3000-50x50.jpg 50w" sizes="(max-width: 662px) 100vw, 662px" /></a></p>
<p><a href="http://knoeppel.ch/WordPress/wp-content/uploads/2016/09/Knöppel-Hey-Wichsers-Cover.jpg"><img loading="lazy" decoding="async" class="alignnone size-large wp-image-101" src="http://knoeppel.ch/WordPress/wp-content/uploads/2016/09/Knöppel-Hey-Wichsers-Cover-1024x1024.jpg" alt="Knöppel Hey Wichsers Cover" width="662" height="662" srcset="https://knoeppel.ch/WordPress/wp-content/uploads/2016/09/Knöppel-Hey-Wichsers-Cover-1024x1024.jpg 1024w, https://knoeppel.ch/WordPress/wp-content/uploads/2016/09/Knöppel-Hey-Wichsers-Cover-150x150.jpg 150w, https://knoeppel.ch/WordPress/wp-content/uploads/2016/09/Knöppel-Hey-Wichsers-Cover-300x300.jpg 300w, https://knoeppel.ch/WordPress/wp-content/uploads/2016/09/Knöppel-Hey-Wichsers-Cover-768x768.jpg 768w, https://knoeppel.ch/WordPress/wp-content/uploads/2016/09/Knöppel-Hey-Wichsers-Cover-480x480.jpg 480w, https://knoeppel.ch/WordPress/wp-content/uploads/2016/09/Knöppel-Hey-Wichsers-Cover-1216x1216.jpg 1216w, https://knoeppel.ch/WordPress/wp-content/uploads/2016/09/Knöppel-Hey-Wichsers-Cover-250x250.jpg 250w, https://knoeppel.ch/WordPress/wp-content/uploads/2016/09/Knöppel-Hey-Wichsers-Cover.jpg 1774w" sizes="(max-width: 662px) 100vw, 662px" /></a></p>

<p>Kontakt: Wir spielen ca. 1 Konzert pro Monat, d.h. da fällt sehr vieles Weg, wer&#8217;s trotzdem versuchen möchte, darf sich gerne bei Joni melden: Jonathan Winkler &#8211; knoeppelbuero (at) gmail.com (Achtung: die alte Adresse (at) cgkmusic.ch ist nicht mehr in Betrieb, der zwischenzeitliche Versuch jonathan (at) knoeppel.ch genau so wenig, weil wir das selber auch nicht hingekriegt&hellip;<a href="https://knoeppel.ch/?page_id=97" class="button">Weiterlesen <span class="screen-reader-text">Infos</span></a></p>
