{"id":562,"date":"2023-11-10T16:13:50","date_gmt":"2023-11-10T16:13:50","guid":{"rendered":"https:\/\/knoeppel.ch\/?page_id=562"},"modified":"2024-01-04T16:01:08","modified_gmt":"2024-01-04T16:01:08","slug":"sex-jazz-scheisse","status":"publish","type":"page","link":"https:\/\/knoeppel.ch\/?page_id=562","title":{"rendered":"Sex-Jazz-Scheisse"},"content":{"rendered":"\n<p>Unser drittes Werk. Aufgenommen an einem k\u00fchlen Februar-Wochenende 2023 bei Sacha im <a href=\"http:\/\/www.lafonderie-studio.ch\/\">Studio de la Fonderie<\/a>, gemastert von Dan im <a href=\"https:\/\/www.echochamber.ch\/\">Echochamber<\/a>, Artwork von mir selber. Das Ziel war wie immer, m\u00f6glichst viele Songs zu schreiben, die den Geh\u00f6rgang ordentlich sandstrahlern und dann dort sitzen bleiben, und dabei unserem Live-Set noch ein paar neue Nuancen zu verpassen, etwas Boogie-Woogie und einen Song, wo Marc singen darf bzw. muss.Wir hoffen, Euch gef\u00e4llt die Scheibe so wie uns, falls ja gibt&#8217;s <a href=\"https:\/\/lnk.site\/knoppel-sex-jazz-scheisse?fbclid=PAAaaV-cYddYWA_vfjSDuE4pKrVt_-sxrksVAp-C85WRLbxU5g4bW3ToY5r_o_aem_AeVF8I5AW0gosDs9zESrXvJ3Fv-aZ7zqyjSBK7pSV2Gp63_GYxZ4d_AnfjSHHB5yqRc\">&gt;&gt;&gt; hier &lt;&lt;&lt;<\/a> die komplette Liste der Vertriebskan\u00e4le.<\/p>\n\n\n<iframe loading=\"lazy\" width=\"350\" height=\"786\" style=\"position: relative; display: block; width: 350px; height: 786px;\" src=\"\/\/bandcamp.com\/EmbeddedPlayer\/v=2\/album=3250514139\/size=large\/bgcol=ffffff\/linkcol=0687f5\/\" allowtransparency=\"true\" frameborder=\"0\"><\/iframe>\n\n\n\n<p><\/p>\n\n\n\n<p>Inzwischen sind auch einige Reviews eingetroffen, wor\u00fcber wir uns sehr freuen. Die Rezensionen von inzwischen mit Nowitschok vergifteten Autoren haben wir allerdings aus Piet\u00e4tsgr\u00fcnden beiseite gelassen.<\/p>\n\n\n\n<ul>\n<li><a href=\"https:\/\/www.metalinside.ch\/2023\/12\/knoeppel-sex-jazz-scheisse-review\/\">Kn\u00f6ppel &#8211; Sex Jazz Scheisse \u03df Metalinside<\/a><\/li>\n\n\n\n<li><a href=\"https:\/\/www.saiten.ch\/am-ende-wieder-ein-grosses-gewichse\/\">Am Ende wieder ein grosses Gewichse \u2013 Saiten \u2013 Ostschweizer Kulturmagazin und Veranstaltungskalender<\/a><\/li>\n\n\n\n<li><a href=\"https:\/\/www.tagblatt.ch\/kultur\/musik-neue-platte-von-knoeppel-die-richtige-dosis-anarchie-fuer-all-die-buerogummis-ld.2540556?reduced=true\">&#8222;Sex, Jazz, Scheisse&#8220; von Kn\u00f6ppel: Die richtige Dosis Anarchie f\u00fcr B\u00fcrogummis (tagblatt.ch)<\/a><\/li>\n\n\n\n<li><a href=\"https:\/\/www.bluewin.ch\/de\/entertainment\/musik\/wixe-wixe-wixe-die-geilste-band-der-schweiz-ist-wieder-da-1967690.html\">Kultgruppe Kn\u00f6ppel: Die geilste Band der Schweiz ist wieder da | blue News (bluewin.ch)<\/a><\/li>\n<\/ul>\n\n\n\n<p>Der Vollst\u00e4ndigkeit halber sei auch noch das Interview zum Album-Release von Patrick Toggweiler (merci villmool!) in Watson erw\u00e4hnt: <a href=\"https:\/\/www.watson.ch\/schweiz\/interview\/503473830-knoeppel-saenger-midi-ueber-den-gesellschaftswandel-punk-und-arschloecher\">Kn\u00f6ppel-S\u00e4nger Midi \u00fcber den Gesellschaftswandel, Punk und Arschl\u00f6cher (watson.ch)<\/a><\/p>\n\n\n\n<p><\/p>\n","protected":false},"excerpt":{"rendered":"<p>Unser drittes Werk. Aufgenommen an einem k\u00fchlen Februar-Wochenende 2023 bei Sacha im Studio de la Fonderie, gemastert von Dan im Echochamber, Artwork von mir selber. Das Ziel war wie immer, m\u00f6glichst viele Songs zu schreiben, die den Geh\u00f6rgang ordentlich sandstrahlern und dann dort sitzen bleiben, und dabei unserem Live-Set noch ein paar neue Nuancen zu&hellip;<a href=\"https:\/\/knoeppel.ch\/?page_id=562\" class=\"button\">Weiterlesen <span class=\"screen-reader-text\">Sex-Jazz-Scheisse<\/span><\/a><\/p>\n","protected":false},"author":1,"featured_media":0,"parent":0,"menu_order":0,"comment_status":"closed","ping_status":"closed","template":"","meta":{"jetpack_post_was_ever_published":false,"footnotes":""},"jetpack_sharing_enabled":true,"jetpack_shortlink":"https:\/\/wp.me\/P8nSDI-94","_links":{"self":[{"href":"https:\/\/knoeppel.ch\/index.php?rest_route=\/wp\/v2\/pages\/562"}],"collection":[{"href":"https:\/\/knoeppel.ch\/index.php?rest_route=\/wp\/v2\/pages"}],"about":[{"href":"https:\/\/knoeppel.ch\/index.php?rest_route=\/wp\/v2\/types\/page"}],"author":[{"embeddable":true,"href":"https:\/\/knoeppel.ch\/index.php?rest_route=\/wp\/v2\/users\/1"}],"replies":[{"embeddable":true,"href":"https:\/\/knoeppel.ch\/index.php?rest_route=%2Fwp%2Fv2%2Fcomments&post=562"}],"version-history":[{"count":9,"href":"https:\/\/knoeppel.ch\/index.php?rest_route=\/wp\/v2\/pages\/562\/revisions"}],"predecessor-version":[{"id":580,"href":"https:\/\/knoeppel.ch\/index.php?rest_route=\/wp\/v2\/pages\/562\/revisions\/580"}],"wp:attachment":[{"href":"https:\/\/knoeppel.ch\/index.php?rest_route=%2Fwp%2Fv2%2Fmedia&parent=562"}],"curies":[{"name":"wp","href":"https:\/\/api.w.org\/{rel}","templated":true}]}}